{"id":220,"date":"2019-05-14T08:03:34","date_gmt":"2019-05-14T08:03:34","guid":{"rendered":"https:\/\/grundejer.com\/?page_id=220"},"modified":"2019-05-17T05:34:54","modified_gmt":"2019-05-17T05:34:54","slug":"cykel-og-vandrestier","status":"publish","type":"page","link":"https:\/\/xn--strandkrgaard-9fb.dk\/?page_id=220","title":{"rendered":"Cykel- og vandrestier"},"content":{"rendered":"\n<p><a href=\"https:\/\/www.visitfjordlandet.dk\/tag-paa-sjaellands-smukkeste-cykeltur\/\">Tag p\u00e5 Sj\u00e6llands smukkeste cykeltur<\/a><\/p>\n\n\n\n<p><a href=\"https:\/\/www.visitfjordlandet.dk\/paa-vikingeeventyr-i-fjordlandet\/\">P\u00e5 vikingeeventyr i Fjordlandet<\/a><\/p>\n\n\n\n<p><a href=\"https:\/\/www.visitfjordlandet.dk\/oplevelser\/top-10-vandreture\/\">10 sk\u00f8nne vandreture<\/a><\/p>\n\n\n\n<p><a href=\"https:\/\/www.visitfjordlandet.dk\/slaa-stalddoeren-op-til-skoenne-smagsoplevelser\/\">Staldd\u00f8rens gode smagsoplevelser<\/a><\/p>\n\n\n\n<p><a href=\"https:\/\/www.visitfjordlandet.dk\/tag-med-tilbage-til-fyrrerne-og-faellesskabet-paa-en-dag\/\">Tilbage til &#8220;fyrrerne&#8221; i Andelslandsbyen<\/a><\/p>\n\n\n\n<h4 class=\"wp-block-heading\"><a href=\"https:\/\/xn--strandkrgaard-9fb.dk\">Vend tilbage til forsiden<\/a><\/h4>\n","protected":false},"excerpt":{"rendered":"<p>Tag p\u00e5 Sj\u00e6llands smukkeste cykeltur P\u00e5 vikingeeventyr i Fjordlandet 10 sk\u00f8nne vandreture Staldd\u00f8rens gode smagsoplevelser Tilbage til &#8220;fyrrerne&#8221; i Andelslandsbyen Vend tilbage til forsiden<\/p>\n","protected":false},"author":2,"featured_media":0,"parent":0,"menu_order":0,"comment_status":"closed","ping_status":"closed","template":"","meta":{"footnotes":""},"class_list":["post-220","page","type-page","status-publish","hentry"],"_links":{"self":[{"href":"https:\/\/xn--strandkrgaard-9fb.dk\/index.php?rest_route=\/wp\/v2\/pages\/220","targetHints":{"allow":["GET"]}}],"collection":[{"href":"https:\/\/xn--strandkrgaard-9fb.dk\/index.php?rest_route=\/wp\/v2\/pages"}],"about":[{"href":"https:\/\/xn--strandkrgaard-9fb.dk\/index.php?rest_route=\/wp\/v2\/types\/page"}],"author":[{"embeddable":true,"href":"https:\/\/xn--strandkrgaard-9fb.dk\/index.php?rest_route=\/wp\/v2\/users\/2"}],"replies":[{"embeddable":true,"href":"https:\/\/xn--strandkrgaard-9fb.dk\/index.php?rest_route=%2Fwp%2Fv2%2Fcomments&post=220"}],"version-history":[{"count":8,"href":"https:\/\/xn--strandkrgaard-9fb.dk\/index.php?rest_route=\/wp\/v2\/pages\/220\/revisions"}],"predecessor-version":[{"id":349,"href":"https:\/\/xn--strandkrgaard-9fb.dk\/index.php?rest_route=\/wp\/v2\/pages\/220\/revisions\/349"}],"wp:attachment":[{"href":"https:\/\/xn--strandkrgaard-9fb.dk\/index.php?rest_route=%2Fwp%2Fv2%2Fmedia&parent=220"}],"curies":[{"name":"wp","href":"https:\/\/api.w.org\/{rel}","templated":true}]}}